Last updated on 2022-05-22 17:50:46 CEST.
Flavor | Version | Tinstall | Tcheck | Ttotal | Status | Flags |
---|---|---|---|---|---|---|
r-devel-linux-x86_64-debian-clang | 1.2.3 | 4.41 | 62.32 | 66.73 | OK | |
r-devel-linux-x86_64-debian-gcc | 1.2.3 | 3.90 | 50.15 | 54.05 | OK | |
r-devel-linux-x86_64-fedora-clang | 1.2.3 | 81.00 | NOTE | |||
r-devel-linux-x86_64-fedora-gcc | 1.2.3 | 81.29 | NOTE | |||
r-devel-windows-x86_64 | 1.2.3 | 23.00 | 90.00 | 113.00 | OK | |
r-patched-linux-x86_64 | 1.2.3 | 5.63 | 61.72 | 67.35 | OK | |
r-release-linux-x86_64 | 1.2.3 | 5.38 | 60.96 | 66.34 | OK | |
r-release-macos-arm64 | 1.2.3 | 31.00 | NOTE | |||
r-release-macos-x86_64 | 1.2.3 | 50.00 | NOTE | |||
r-release-windows-x86_64 | 1.2.3 | 19.00 | 90.00 | 109.00 | OK | |
r-oldrel-macos-arm64 | 1.2.3 | 34.00 | NOTE | |||
r-oldrel-macos-x86_64 | 1.2.3 | 61.00 | NOTE | |||
r-oldrel-windows-ix86+x86_64 | 1.2.3 | 15.00 | 82.00 | 97.00 | OK |
Version: 1.2.3
Check: dependencies in R code
Result: NOTE
Namespace in Imports field not imported from: ‘grDevices’
All declared Imports should be used.
Flavors: r-devel-linux-x86_64-fedora-clang, r-devel-linux-x86_64-fedora-gcc, r-release-macos-arm64, r-release-macos-x86_64, r-oldrel-macos-arm64, r-oldrel-macos-x86_64
Version: 1.2.3
Check: data for non-ASCII characters
Result: NOTE
Note: found 5 marked UTF-8 strings
Flavors: r-devel-linux-x86_64-fedora-clang, r-devel-linux-x86_64-fedora-gcc, r-release-macos-arm64, r-release-macos-x86_64, r-oldrel-macos-arm64, r-oldrel-macos-x86_64