CRAN Package Check Results for Package metaEnsembleR

Last updated on 2022-05-22 18:53:26 CEST.

Flavor Version Tinstall Tcheck Ttotal Status Flags
r-devel-linux-x86_64-debian-clang 0.1.0 2.54 41.58 44.12 OK
r-devel-linux-x86_64-debian-gcc 0.1.0 2.18 32.27 34.45 OK
r-devel-linux-x86_64-fedora-clang 0.1.0 53.78 NOTE
r-devel-linux-x86_64-fedora-gcc 0.1.0 52.11 NOTE
r-devel-windows-x86_64 0.1.0 18.00 58.00 76.00 OK
r-patched-linux-x86_64 0.1.0 2.56 39.07 41.63 OK
r-release-linux-x86_64 0.1.0 2.27 39.22 41.49 OK
r-release-macos-arm64 0.1.0 18.00 NOTE
r-release-macos-x86_64 0.1.0 28.00 NOTE
r-release-windows-x86_64 0.1.0 31.00 58.00 89.00 OK
r-oldrel-macos-arm64 0.1.0 23.00 NOTE
r-oldrel-macos-x86_64 0.1.0 29.00 NOTE
r-oldrel-windows-ix86+x86_64 0.1.0 9.00 51.00 60.00 OK

Check Details

Version: 0.1.0
Check: dependencies in R code
Result: NOTE
    Namespaces in Imports field not imported from:
     ‘e1071’ ‘gbm’ ‘ggplot2’ ‘graphics’ ‘randomForest’
     All declared Imports should be used.
Flavors: r-devel-linux-x86_64-fedora-clang, r-devel-linux-x86_64-fedora-gcc, r-release-macos-arm64, r-release-macos-x86_64, r-oldrel-macos-arm64, r-oldrel-macos-x86_64