Last updated on 2022-08-20 00:52:05 CEST.
Flavor | Version | Tinstall | Tcheck | Ttotal | Status | Flags |
---|---|---|---|---|---|---|
r-devel-linux-x86_64-debian-clang | 0.7 | 9.70 | 153.56 | 163.26 | OK | |
r-devel-linux-x86_64-debian-gcc | 0.7 | 10.00 | 115.24 | 125.24 | OK | |
r-devel-linux-x86_64-fedora-clang | 0.7 | 202.74 | OK | |||
r-devel-linux-x86_64-fedora-gcc | 0.7 | 198.48 | OK | |||
r-devel-windows-x86_64 | 0.7 | 65.00 | 147.00 | 212.00 | OK | |
r-patched-linux-x86_64 | 0.7 | 14.08 | 155.52 | 169.60 | OK | |
r-release-linux-x86_64 | 0.7 | OK | ||||
r-release-macos-arm64 | 0.7 | 70.00 | OK | |||
r-release-macos-x86_64 | 0.7 | 104.00 | OK | |||
r-release-windows-x86_64 | 0.7 | 70.00 | 146.00 | 216.00 | OK | |
r-oldrel-macos-arm64 | 0.7 | 71.00 | NOTE | |||
r-oldrel-macos-x86_64 | 0.7 | 107.00 | OK | |||
r-oldrel-windows-ix86+x86_64 | 0.7 | 29.00 | 141.00 | 170.00 | OK |
Version: 0.7
Check: package dependencies
Result: NOTE
Package suggested but not available for checking: ‘EBImage’
Flavor: r-oldrel-macos-arm64