CRAN Package Check Results for Package metamedian

Last updated on 2021-12-07 06:48:48 CET.

Flavor Version Tinstall Tcheck Ttotal Status Flags
r-devel-linux-x86_64-debian-clang 0.1.5 2.47 34.69 37.16 NOTE
r-devel-linux-x86_64-debian-gcc 0.1.5 1.79 27.49 29.28 NOTE
r-devel-linux-x86_64-fedora-clang 0.1.5 46.69 NOTE
r-devel-linux-x86_64-fedora-gcc 0.1.5 36.00 NOTE
r-devel-windows-x86_64-new-UL 0.1.5 7.00 62.00 69.00 NOTE
r-devel-windows-x86_64-new-TK 0.1.5 NOTE
r-devel-windows-x86_64-old 0.1.5 5.00 30.00 35.00 NOTE
r-patched-linux-x86_64 0.1.5 11.43 33.82 45.25 NOTE
r-release-linux-x86_64 0.1.5 1.60 33.78 35.38 NOTE
r-release-macos-arm64 0.1.5 NOTE
r-release-macos-x86_64 0.1.5 NOTE
r-release-windows-ix86+x86_64 0.1.5 4.00 45.00 49.00 NOTE
r-oldrel-macos-x86_64 0.1.5 OK
r-oldrel-windows-ix86+x86_64 0.1.5 7.00 45.00 52.00 OK

Check Details

Version: 0.1.5
Check: LazyData
Result: NOTE
     'LazyData' is specified without a 'data' directory
Flavors: r-devel-linux-x86_64-debian-clang, r-devel-linux-x86_64-debian-gcc, r-devel-linux-x86_64-fedora-clang, r-devel-linux-x86_64-fedora-gcc, r-devel-windows-x86_64-new-UL, r-devel-windows-x86_64-new-TK, r-devel-windows-x86_64-old, r-patched-linux-x86_64, r-release-linux-x86_64, r-release-macos-arm64, r-release-macos-x86_64, r-release-windows-ix86+x86_64