CRAN Package Check Results for Package metamer

Last updated on 2022-05-22 04:49:17 CEST.

Flavor Version Tinstall Tcheck Ttotal Status Flags
r-devel-linux-x86_64-debian-clang 0.2.0 2.85 46.28 49.13 NOTE
r-devel-linux-x86_64-debian-gcc 0.2.0 1.99 35.42 37.41 NOTE
r-devel-linux-x86_64-fedora-clang 0.2.0 58.46 NOTE
r-devel-linux-x86_64-fedora-gcc 0.2.0 57.40 NOTE
r-devel-windows-x86_64 0.2.0 16.00 63.00 79.00 NOTE
r-patched-linux-x86_64 0.2.0 2.86 45.10 47.96 NOTE
r-release-linux-x86_64 0.2.0 2.00 45.19 47.19 NOTE
r-release-macos-arm64 0.2.0 18.00 NOTE
r-release-macos-x86_64 0.2.0 28.00 NOTE
r-release-windows-x86_64 0.2.0 15.00 63.00 78.00 NOTE
r-oldrel-macos-arm64 0.2.0 23.00 NOTE
r-oldrel-macos-x86_64 0.2.0 34.00 NOTE
r-oldrel-windows-ix86+x86_64 0.2.0 8.00 58.00 66.00 NOTE

Check Details

Version: 0.2.0
Check: LazyData
Result: NOTE
     'LazyData' is specified without a 'data' directory
Flavors: r-devel-linux-x86_64-debian-clang, r-devel-linux-x86_64-debian-gcc, r-devel-linux-x86_64-fedora-clang, r-devel-linux-x86_64-fedora-gcc, r-devel-windows-x86_64, r-patched-linux-x86_64, r-release-linux-x86_64, r-release-macos-arm64, r-release-macos-x86_64, r-release-windows-x86_64, r-oldrel-macos-arm64, r-oldrel-macos-x86_64, r-oldrel-windows-ix86+x86_64