CRAN Package Check Results for Package metaprotr

Last updated on 2022-05-16 21:50:24 CEST.

Flavor Version Tinstall Tcheck Ttotal Status Flags
r-devel-linux-x86_64-debian-clang 1.2.2 12.80 95.18 107.98 OK
r-devel-linux-x86_64-debian-gcc 1.2.2 8.13 68.64 76.77 OK
r-devel-linux-x86_64-fedora-clang 1.2.2 124.65 NOTE
r-devel-linux-x86_64-fedora-gcc 1.2.2 119.86 NOTE
r-devel-windows-x86_64 1.2.2 33.00 104.00 137.00 OK
r-patched-linux-x86_64 1.2.2 10.05 87.37 97.42 OK
r-release-linux-x86_64 1.2.2 7.37 86.66 94.03 OK
r-release-macos-arm64 1.2.2 32.00 NOTE
r-release-macos-x86_64 1.2.2 51.00 NOTE
r-release-windows-x86_64 1.2.2 49.00 110.00 159.00 OK
r-oldrel-macos-arm64 1.2.2 39.00 NOTE
r-oldrel-macos-x86_64 1.2.2 61.00 NOTE
r-oldrel-windows-ix86+x86_64 1.2.2 25.00 101.00 126.00 OK

Check Details

Version: 1.2.2
Check: dependencies in R code
Result: NOTE
    Namespaces in Imports field not imported from:
     ‘ade4’ ‘dendextend’ ‘ggforce’ ‘ggrepel’ ‘stringr’ ‘tidyverse’
     All declared Imports should be used.
Flavors: r-devel-linux-x86_64-fedora-clang, r-devel-linux-x86_64-fedora-gcc, r-release-macos-arm64, r-release-macos-x86_64, r-oldrel-macos-arm64, r-oldrel-macos-x86_64