CRAN Package Check Results for Package meteoForecast

Last updated on 2022-05-21 23:51:03 CEST.

Flavor Version Tinstall Tcheck Ttotal Status Flags
r-devel-linux-x86_64-debian-clang 0.54 28.74 259.13 287.87 NOTE
r-devel-linux-x86_64-debian-gcc 0.54 21.55 194.26 215.81 NOTE
r-devel-linux-x86_64-fedora-clang 0.54 333.79 NOTE
r-devel-linux-x86_64-fedora-gcc 0.54 334.72 NOTE
r-devel-windows-x86_64 0.54 56.00 242.00 298.00 NOTE
r-patched-linux-x86_64 0.54 27.46 246.86 274.32 NOTE
r-release-linux-x86_64 0.54 23.06 251.29 274.35 NOTE
r-release-macos-arm64 0.54 71.00 NOTE
r-release-macos-x86_64 0.54 102.00 NOTE
r-release-windows-x86_64 0.54 67.00 245.00 312.00 NOTE
r-oldrel-macos-arm64 0.54 38.00 NOTE
r-oldrel-macos-x86_64 0.54 73.00 NOTE
r-oldrel-windows-ix86+x86_64 0.54 60.00 247.00 307.00 NOTE

Check Details

Version: 0.54
Check: LazyData
Result: NOTE
     'LazyData' is specified without a 'data' directory
Flavors: r-devel-linux-x86_64-debian-clang, r-devel-linux-x86_64-debian-gcc, r-devel-linux-x86_64-fedora-clang, r-devel-linux-x86_64-fedora-gcc, r-devel-windows-x86_64, r-patched-linux-x86_64, r-release-linux-x86_64, r-release-macos-arm64, r-release-macos-x86_64, r-release-windows-x86_64, r-oldrel-macos-arm64, r-oldrel-macos-x86_64, r-oldrel-windows-ix86+x86_64