Last updated on 2022-05-22 14:49:17 CEST.
Flavor | Version | Tinstall | Tcheck | Ttotal | Status | Flags |
---|---|---|---|---|---|---|
r-devel-linux-x86_64-debian-clang | 1.14 | 137.80 | 208.57 | 346.37 | OK | |
r-devel-linux-x86_64-debian-gcc | 1.14 | 112.50 | 149.65 | 262.15 | OK | |
r-devel-linux-x86_64-fedora-clang | 1.14 | 462.41 | NOTE | |||
r-devel-linux-x86_64-fedora-gcc | 1.14 | 441.46 | OK | |||
r-devel-windows-x86_64 | 1.14 | 156.00 | 268.00 | 424.00 | OK | |
r-patched-linux-x86_64 | 1.14 | 120.93 | 193.64 | 314.57 | OK | |
r-release-linux-x86_64 | 1.14 | 108.95 | 195.84 | 304.79 | OK | |
r-release-macos-arm64 | 1.14 | 101.00 | NOTE | |||
r-release-macos-x86_64 | 1.14 | 138.00 | NOTE | |||
r-release-windows-x86_64 | 1.14 | 156.00 | 258.00 | 414.00 | OK | |
r-oldrel-macos-arm64 | 1.14 | 100.00 | NOTE | |||
r-oldrel-macos-x86_64 | 1.14 | 135.00 | NOTE | |||
r-oldrel-windows-ix86+x86_64 | 1.14 | 278.00 | 258.00 | 536.00 | OK |
Version: 1.14
Check: installed package size
Result: NOTE
installed size is 6.9Mb
sub-directories of 1Mb or more:
libs 5.0Mb
Flavors: r-devel-linux-x86_64-fedora-clang, r-release-macos-arm64, r-release-macos-x86_64, r-oldrel-macos-arm64, r-oldrel-macos-x86_64
Version: 1.14
Check: Rd cross-references
Result: NOTE
Undeclared packages ‘hoa’, ‘evir’ in Rd xrefs
Flavor: r-devel-linux-x86_64-fedora-clang