CRAN Package Check Results for Package mgcv

Last updated on 2022-01-29 04:49:41 CET.

Flavor Version Tinstall Tcheck Ttotal Status Flags
r-devel-linux-x86_64-debian-clang 1.8-38 97.11 504.54 601.65 OK
r-devel-linux-x86_64-debian-gcc 1.8-38 77.88 367.92 445.80 OK
r-devel-linux-x86_64-fedora-clang 1.8-38 727.55 NOTE
r-devel-linux-x86_64-fedora-gcc 1.8-38 711.84 OK
r-devel-windows-x86_64-new-UL 1.8-38 233.00 525.00 758.00 OK
r-devel-windows-x86_64-new-TK 1.8-38 OK
r-patched-linux-x86_64 1.8-38 102.85 480.88 583.73 OK
r-release-linux-x86_64 1.8-38 90.92 483.60 574.52 OK
r-release-macos-arm64 1.8-38 OK
r-release-macos-x86_64 1.8-38 OK
r-release-windows-ix86+x86_64 1.8-38 164.00 791.00 955.00 OK
r-oldrel-macos-x86_64 1.8-38 OK
r-oldrel-windows-ix86+x86_64 1.8-38 163.00 786.00 949.00 OK

Check Details

Version: 1.8-38
Check: installed package size
Result: NOTE
     installed size is 5.1Mb
     sub-directories of 1Mb or more:
     R 1.8Mb
     libs 2.1Mb
Flavor: r-devel-linux-x86_64-fedora-clang