Last updated on 2022-05-23 20:53:42 CEST.
Flavor | Version | Tinstall | Tcheck | Ttotal | Status | Flags |
---|---|---|---|---|---|---|
r-devel-linux-x86_64-debian-clang | 0.4.16 | 5.89 | 64.55 | 70.44 | OK | |
r-devel-linux-x86_64-debian-gcc | 0.4.16 | 3.89 | 47.70 | 51.59 | OK | |
r-devel-linux-x86_64-fedora-clang | 0.4.16 | 85.39 | NOTE | |||
r-devel-linux-x86_64-fedora-gcc | 0.4.16 | 72.57 | NOTE | |||
r-devel-windows-x86_64 | 0.4.16 | 32.00 | 100.00 | 132.00 | OK | |
r-patched-linux-x86_64 | 0.4.16 | 5.68 | 60.38 | 66.06 | OK | |
r-release-linux-x86_64 | 0.4.16 | OK | ||||
r-release-macos-arm64 | 0.4.16 | 28.00 | OK | |||
r-release-macos-x86_64 | 0.4.16 | 42.00 | OK | |||
r-release-windows-x86_64 | 0.4.16 | 15.00 | 101.00 | 116.00 | OK | |
r-oldrel-macos-arm64 | 0.4.16 | 39.00 | OK | |||
r-oldrel-macos-x86_64 | 0.4.16 | 61.00 | OK | |||
r-oldrel-windows-ix86+x86_64 | 0.4.16 | 10.00 | 96.00 | 106.00 | OK |
Version: 0.4.16
Check: compiled code
Result: NOTE
File ‘mhsmm/libs/mhsmm.so’:
Found no calls to: ‘R_registerRoutines’, ‘R_useDynamicSymbols’
It is good practice to register native routines and to disable symbol
search.
See ‘Writing portable packages’ in the ‘Writing R Extensions’ manual.
Flavors: r-devel-linux-x86_64-fedora-clang, r-devel-linux-x86_64-fedora-gcc