Last updated on 2022-06-28 12:52:29 CEST.
Flavor | Version | Tinstall | Tcheck | Ttotal | Status | Flags |
---|---|---|---|---|---|---|
r-devel-linux-x86_64-debian-clang | 0.6-16 | 7.95 | 81.30 | 89.25 | OK | |
r-devel-linux-x86_64-debian-gcc | 0.6-16 | 4.26 | 60.27 | 64.53 | OK | |
r-devel-linux-x86_64-fedora-clang | 0.6-16 | 115.46 | NOTE | |||
r-devel-linux-x86_64-fedora-gcc | 0.6-16 | 124.74 | OK | |||
r-devel-windows-x86_64 | 0.6-16 | 26.00 | 114.00 | 140.00 | OK | |
r-patched-linux-x86_64 | 0.6-16 | 7.91 | 77.64 | 85.55 | OK | |
r-release-linux-x86_64 | 0.6-16 | 6.83 | 77.47 | 84.30 | OK | |
r-release-macos-arm64 | 0.6-16 | 35.00 | OK | |||
r-release-macos-x86_64 | 0.6-16 | 50.00 | OK | |||
r-release-windows-x86_64 | 0.6-16 | 30.00 | 109.00 | 139.00 | OK | |
r-oldrel-macos-arm64 | 0.6-16 | 37.00 | OK | |||
r-oldrel-macos-x86_64 | 0.6-16 | 61.00 | OK | |||
r-oldrel-windows-ix86+x86_64 | 0.6-16 | 15.00 | 107.00 | 122.00 | OK |
Version: 0.6-16
Check: Rd cross-references
Result: NOTE
Undeclared packages ‘micEconAids’, ‘micEconSNQP’ in Rd xrefs
Flavor: r-devel-linux-x86_64-fedora-clang