CRAN Package Check Results for Package microclass

Last updated on 2022-05-22 06:52:04 CEST.

Flavor Version Tinstall Tcheck Ttotal Status Flags
r-devel-linux-x86_64-debian-clang 1.2 79.94 89.33 169.27 NOTE
r-devel-linux-x86_64-debian-gcc 1.2 57.47 66.20 123.67 NOTE
r-devel-linux-x86_64-fedora-clang 1.2 234.73 NOTE
r-devel-linux-x86_64-fedora-gcc 1.2 206.81 NOTE
r-devel-windows-x86_64 1.2 75.00 128.00 203.00 NOTE
r-patched-linux-x86_64 1.2 56.92 86.15 143.07 NOTE
r-release-linux-x86_64 1.2 48.12 86.32 134.44 NOTE
r-release-macos-arm64 1.2 58.00 NOTE
r-release-macos-x86_64 1.2 99.00 NOTE
r-release-windows-x86_64 1.2 77.00 130.00 207.00 NOTE
r-oldrel-macos-arm64 1.2 66.00 NOTE
r-oldrel-macos-x86_64 1.2 112.00 NOTE
r-oldrel-windows-ix86+x86_64 1.2 198.00 139.00 337.00 NOTE

Check Details

Version: 1.2
Check: for GNU extensions in Makefiles
Result: NOTE
    GNU make is a SystemRequirements.
Flavors: r-devel-linux-x86_64-debian-clang, r-devel-linux-x86_64-debian-gcc, r-devel-linux-x86_64-fedora-clang, r-devel-linux-x86_64-fedora-gcc, r-devel-windows-x86_64, r-patched-linux-x86_64, r-release-linux-x86_64, r-release-macos-arm64, r-release-macos-x86_64, r-release-windows-x86_64, r-oldrel-macos-arm64, r-oldrel-macos-x86_64, r-oldrel-windows-ix86+x86_64

Version: 1.2
Check: dependencies in R code
Result: NOTE
    Namespace in Imports field not imported from: ‘tibble’
     All declared Imports should be used.
Flavors: r-devel-linux-x86_64-fedora-clang, r-devel-linux-x86_64-fedora-gcc, r-release-macos-arm64, r-release-macos-x86_64, r-oldrel-macos-arm64, r-oldrel-macos-x86_64