CRAN Package Check Results for Package midas

Last updated on 2022-05-19 09:53:17 CEST.

Flavor Version Tinstall Tcheck Ttotal Status Flags
r-devel-linux-x86_64-debian-clang 1.0.1 3.70 45.40 49.10 NOTE
r-devel-linux-x86_64-debian-gcc 1.0.1 2.91 35.42 38.33 NOTE
r-devel-linux-x86_64-fedora-clang 1.0.1 59.93 NOTE
r-devel-linux-x86_64-fedora-gcc 1.0.1 58.40 NOTE
r-devel-windows-x86_64 1.0.1 10.00 66.00 76.00 NOTE
r-patched-linux-x86_64 1.0.1 3.42 45.87 49.29 NOTE
r-release-linux-x86_64 1.0.1 3.75 44.84 48.59 NOTE
r-release-macos-arm64 1.0.1 20.00 NOTE
r-release-macos-x86_64 1.0.1 35.00 NOTE
r-release-windows-x86_64 1.0.1 11.00 68.00 79.00 NOTE
r-oldrel-macos-arm64 1.0.1 22.00 NOTE
r-oldrel-macos-x86_64 1.0.1 31.00 NOTE
r-oldrel-windows-ix86+x86_64 1.0.1 11.00 62.00 73.00 NOTE

Check Details

Version: 1.0.1
Check: LazyData
Result: NOTE
     'LazyData' is specified without a 'data' directory
Flavors: r-devel-linux-x86_64-debian-clang, r-devel-linux-x86_64-debian-gcc, r-devel-linux-x86_64-fedora-clang, r-devel-linux-x86_64-fedora-gcc, r-devel-windows-x86_64, r-patched-linux-x86_64, r-release-linux-x86_64, r-release-macos-arm64, r-release-macos-x86_64, r-release-windows-x86_64, r-oldrel-macos-arm64, r-oldrel-macos-x86_64, r-oldrel-windows-ix86+x86_64