CRAN Package Check Results for Package midastouch

Last updated on 2022-05-26 11:52:14 CEST.

Flavor Version Tinstall Tcheck Ttotal Status Flags
r-devel-linux-x86_64-debian-clang 1.3 1.60 32.75 34.35 NOTE
r-devel-linux-x86_64-debian-gcc 1.3 1.61 28.53 30.14 NOTE
r-devel-linux-x86_64-fedora-clang 1.3 43.23 NOTE
r-devel-linux-x86_64-fedora-gcc 1.3 31.10 NOTE
r-devel-windows-x86_64 1.3 14.00 49.00 63.00 NOTE
r-patched-linux-x86_64 1.3 1.54 32.35 33.89 NOTE
r-release-linux-x86_64 1.3 NOTE
r-release-macos-arm64 1.3 16.00 NOTE
r-release-macos-x86_64 1.3 20.00 NOTE
r-release-windows-x86_64 1.3 9.00 49.00 58.00 NOTE
r-oldrel-macos-arm64 1.3 21.00 NOTE
r-oldrel-macos-x86_64 1.3 26.00 NOTE
r-oldrel-windows-ix86+x86_64 1.3 6.00 42.00 48.00 NOTE

Check Details

Version: 1.3
Check: LazyData
Result: NOTE
     'LazyData' is specified without a 'data' directory
Flavors: r-devel-linux-x86_64-debian-clang, r-devel-linux-x86_64-debian-gcc, r-devel-linux-x86_64-fedora-clang, r-devel-linux-x86_64-fedora-gcc, r-devel-windows-x86_64, r-patched-linux-x86_64, r-release-linux-x86_64, r-release-macos-arm64, r-release-macos-x86_64, r-release-windows-x86_64, r-oldrel-macos-arm64, r-oldrel-macos-x86_64, r-oldrel-windows-ix86+x86_64