CRAN Package Check Results for Package mifa

Last updated on 2023-02-01 18:50:47 CET.

Flavor Version Tinstall Tcheck Ttotal Status Flags
r-devel-linux-x86_64-debian-clang 0.2.0 2.23 68.29 70.52 NOTE
r-devel-linux-x86_64-debian-gcc 0.2.0 2.08 52.08 54.16 NOTE
r-devel-linux-x86_64-fedora-clang 0.2.0 85.16 NOTE
r-devel-linux-x86_64-fedora-gcc 0.2.0 84.04 NOTE
r-devel-windows-x86_64 0.2.0 15.00 110.00 125.00 NOTE
r-patched-linux-x86_64 0.2.0 7.44 64.83 72.27 NOTE
r-release-linux-x86_64 0.2.0 2.53 65.60 68.13 NOTE
r-release-macos-arm64 0.2.0 37.00 NOTE
r-release-macos-x86_64 0.2.0 54.00 NOTE
r-release-windows-x86_64 0.2.0 16.00 102.00 118.00 NOTE
r-oldrel-macos-arm64 0.2.0 41.00 NOTE
r-oldrel-macos-x86_64 0.2.0 68.00 NOTE
r-oldrel-windows-ix86+x86_64 0.2.0 7.00 103.00 110.00 NOTE

Check Details

Version: 0.2.0
Check: LazyData
Result: NOTE
     'LazyData' is specified without a 'data' directory
Flavors: r-devel-linux-x86_64-debian-clang, r-devel-linux-x86_64-debian-gcc, r-devel-linux-x86_64-fedora-clang, r-devel-linux-x86_64-fedora-gcc, r-devel-windows-x86_64, r-patched-linux-x86_64, r-release-linux-x86_64, r-release-macos-arm64, r-release-macos-x86_64, r-release-windows-x86_64, r-oldrel-macos-arm64, r-oldrel-macos-x86_64, r-oldrel-windows-ix86+x86_64