Last updated on 2023-02-09 06:55:36 CET.
Flavor | Version | Tinstall | Tcheck | Ttotal | Status | Flags |
---|---|---|---|---|---|---|
r-devel-linux-x86_64-debian-clang | 0.4.0 | 8.79 | 175.53 | 184.32 | NOTE | |
r-devel-linux-x86_64-debian-gcc | 0.4.0 | 7.24 | 121.84 | 129.08 | NOTE | |
r-devel-linux-x86_64-fedora-clang | 0.4.0 | 233.14 | NOTE | |||
r-devel-linux-x86_64-fedora-gcc | 0.4.0 | 215.48 | NOTE | |||
r-devel-windows-x86_64 | 0.4.0 | 60.00 | 201.00 | 261.00 | NOTE | |
r-patched-linux-x86_64 | 0.4.0 | 15.17 | 159.26 | 174.43 | NOTE | |
r-release-linux-x86_64 | 0.4.0 | 5.69 | 164.93 | 170.62 | NOTE | |
r-release-macos-arm64 | 0.4.0 | 81.00 | NOTE | |||
r-release-macos-x86_64 | 0.4.0 | 75.00 | NOTE | |||
r-release-windows-x86_64 | 0.4.0 | 60.00 | 209.00 | 269.00 | NOTE | |
r-oldrel-macos-arm64 | 0.4.0 | 81.00 | NOTE | |||
r-oldrel-macos-x86_64 | 0.4.0 | 69.00 | NOTE | |||
r-oldrel-windows-ix86+x86_64 | 0.4.0 | 17.00 | 210.00 | 227.00 | WARN |
Version: 0.4.0
Check: package dependencies
Result: NOTE
Package suggested but not available for checking: ‘gurobi’
Flavors: r-devel-linux-x86_64-debian-clang, r-devel-linux-x86_64-debian-gcc, r-devel-linux-x86_64-fedora-clang, r-devel-linux-x86_64-fedora-gcc, r-devel-windows-x86_64, r-patched-linux-x86_64, r-release-linux-x86_64, r-release-macos-arm64, r-release-macos-x86_64, r-release-windows-x86_64, r-oldrel-macos-arm64, r-oldrel-macos-x86_64, r-oldrel-windows-ix86+x86_64
Version: 0.4.0
Check: for unstated dependencies in ‘tests’
Result: WARN
Warning: unable to access index for repository https://bioconductor.org/packages/3.14/bioc/src/contrib:
cannot open URL 'https://bioconductor.org/packages/3.14/bioc/src/contrib/PACKAGES'
Warning: unable to access index for repository https://bioconductor.org/packages/3.14/data/annotation/src/contrib:
cannot open URL 'https://bioconductor.org/packages/3.14/data/annotation/src/contrib/PACKAGES'
Warning: unable to access index for repository https://bioconductor.org/packages/3.14/data/experiment/src/contrib:
cannot open URL 'https://bioconductor.org/packages/3.14/data/experiment/src/contrib/PACKAGES'
Flavor: r-oldrel-windows-ix86+x86_64