CRAN Package Check Results for Package miniMeta

Last updated on 2022-05-17 08:52:23 CEST.

Flavor Version Tinstall Tcheck Ttotal Status Flags
r-devel-linux-x86_64-debian-clang 0.2 15.03 121.23 136.26 OK
r-devel-linux-x86_64-debian-gcc 0.2 8.92 90.90 99.82 OK
r-devel-linux-x86_64-fedora-clang 0.2 160.53 NOTE
r-devel-linux-x86_64-fedora-gcc 0.2 156.08 NOTE
r-devel-windows-x86_64 0.2 42.00 141.00 183.00 OK
r-patched-linux-x86_64 0.2 13.64 113.74 127.38 OK
r-release-linux-x86_64 0.2 11.45 115.02 126.47 OK
r-release-macos-arm64 0.2 45.00 NOTE
r-release-macos-x86_64 0.2 79.00 NOTE
r-release-windows-x86_64 0.2 39.00 147.00 186.00 OK
r-oldrel-macos-arm64 0.2 50.00 NOTE
r-oldrel-macos-x86_64 0.2 86.00 NOTE
r-oldrel-windows-ix86+x86_64 0.2 30.00 130.00 160.00 OK

Check Details

Version: 0.2
Check: dependencies in R code
Result: NOTE
    Namespaces in Imports field not imported from:
     ‘markdown’ ‘metafor’
     All declared Imports should be used.
Flavors: r-devel-linux-x86_64-fedora-clang, r-devel-linux-x86_64-fedora-gcc, r-release-macos-arm64, r-release-macos-x86_64, r-oldrel-macos-arm64, r-oldrel-macos-x86_64