CRAN Package Check Results for Package mirt

Last updated on 2022-05-20 06:51:01 CEST.

Flavor Version Tinstall Tcheck Ttotal Status Flags
r-devel-linux-x86_64-debian-clang 1.36.1 142.01 251.66 393.67 NOTE
r-devel-linux-x86_64-debian-gcc 1.36.1 118.97 180.41 299.38 OK
r-devel-linux-x86_64-fedora-clang 1.36.1 527.97 NOTE
r-devel-linux-x86_64-fedora-gcc 1.36.1 508.14 OK
r-devel-windows-x86_64 1.36.1 149.00 296.00 445.00 OK
r-patched-linux-x86_64 1.36.1 126.75 231.03 357.78 OK
r-release-linux-x86_64 1.36.1 125.96 230.63 356.59 OK
r-release-macos-arm64 1.36.1 111.00 NOTE
r-release-macos-x86_64 1.36.1 146.00 NOTE
r-release-windows-x86_64 1.36.1 151.00 299.00 450.00 OK
r-oldrel-macos-arm64 1.36.1 99.00 NOTE
r-oldrel-macos-x86_64 1.36.1 151.00 NOTE
r-oldrel-windows-ix86+x86_64 1.36.1 306.00 341.00 647.00 NOTE

Check Details

Version: 1.36.1
Check: package dependencies
Result: NOTE
    Package suggested but not available for checking: 'sirt'
Flavor: r-devel-linux-x86_64-debian-clang

Version: 1.36.1
Check: installed package size
Result: NOTE
     installed size is 7.1Mb
     sub-directories of 1Mb or more:
     R 1.5Mb
     libs 5.0Mb
Flavors: r-devel-linux-x86_64-fedora-clang, r-release-macos-arm64, r-release-macos-x86_64, r-oldrel-macos-arm64, r-oldrel-macos-x86_64, r-oldrel-windows-ix86+x86_64