CRAN Package Check Results for Package miscF

Last updated on 2024-05-21 05:59:13 CEST.

Flavor Version Tinstall Tcheck Ttotal Status Flags
r-devel-linux-x86_64-debian-clang 0.1-5 12.96 95.51 108.47 OK
r-devel-linux-x86_64-debian-gcc 0.1-5 12.10 70.79 82.89 OK
r-devel-linux-x86_64-fedora-clang 0.1-5 139.21 NOTE
r-devel-linux-x86_64-fedora-gcc 0.1-5 143.88 OK
r-devel-windows-x86_64 0.1-5 17.00 89.00 106.00 NOTE
r-patched-linux-x86_64 0.1-5 14.34 91.81 106.15 OK
r-release-linux-x86_64 0.1-5 14.53 92.28 106.81 OK
r-release-macos-arm64 0.1-5 43.00 NOTE
r-release-windows-x86_64 0.1-5 18.00 89.00 107.00 NOTE
r-oldrel-macos-arm64 0.1-5 48.00 NOTE
r-oldrel-macos-x86_64 0.1-5 69.00 NOTE
r-oldrel-windows-x86_64 0.1-5 23.00 104.00 127.00 NOTE

Check Details

Version: 0.1-5
Check: Rd cross-references
Result: NOTE Undeclared packages ‘pspline’, ‘lme4’ in Rd xrefs Flavor: r-devel-linux-x86_64-fedora-clang

Version: 0.1-5
Check: package dependencies
Result: NOTE Package suggested but not available for checking: 'BRugs' Flavors: r-devel-windows-x86_64, r-release-windows-x86_64, r-oldrel-windows-x86_64

Version: 0.1-5
Check: package dependencies
Result: NOTE Packages suggested but not available for checking: 'mixAK', 'BRugs' Flavors: r-release-macos-arm64, r-oldrel-macos-arm64, r-oldrel-macos-x86_64

Version: 0.1-5
Check: Rd cross-references
Result: NOTE Package unavailable to check Rd xrefs: ‘mixAK’ Flavors: r-release-macos-arm64, r-oldrel-macos-arm64

Version: 0.1-5
Check: Rd cross-references
Result: NOTE Packages unavailable to check Rd xrefs: ‘lme4’, ‘mixAK’ Flavor: r-oldrel-macos-x86_64