CRAN Package Check Results for Package miscTools

Last updated on 2022-05-24 19:06:16 CEST.

Flavor Version Tinstall Tcheck Ttotal Status Flags
r-devel-linux-x86_64-debian-clang 0.6-26 2.90 39.11 42.01 OK
r-devel-linux-x86_64-debian-gcc 0.6-26 1.71 30.02 31.73 OK
r-devel-linux-x86_64-fedora-clang 0.6-26 50.45 NOTE
r-devel-linux-x86_64-fedora-gcc 0.6-26 38.69 OK
r-devel-windows-x86_64 0.6-26 38.00 57.00 95.00 OK
r-patched-linux-x86_64 0.6-26 3.00 36.82 39.82 OK
r-release-linux-x86_64 0.6-26 OK
r-release-macos-arm64 0.6-26 18.00 OK
r-release-macos-x86_64 0.6-26 26.00 OK
r-release-windows-x86_64 0.6-26 45.00 57.00 102.00 OK
r-oldrel-macos-arm64 0.6-26 23.00 OK
r-oldrel-macos-x86_64 0.6-26 31.00 OK
r-oldrel-windows-ix86+x86_64 0.6-26 6.00 47.00 53.00 OK

Check Details

Version: 0.6-26
Check: Rd cross-references
Result: NOTE
    Undeclared package ‘maxLik’ in Rd xrefs
Flavor: r-devel-linux-x86_64-fedora-clang