Last updated on 2022-05-16 06:52:29 CEST.
Flavor | Version | Tinstall | Tcheck | Ttotal | Status | Flags |
---|---|---|---|---|---|---|
r-devel-linux-x86_64-debian-clang | 0.1.1 | 4.97 | 43.32 | 48.29 | OK | --no-vignettes |
r-devel-linux-x86_64-debian-gcc | 0.1.1 | 3.09 | 32.12 | 35.21 | OK | --no-vignettes |
r-devel-linux-x86_64-fedora-clang | 0.1.1 | 1014.25 | NOTE | |||
r-devel-linux-x86_64-fedora-gcc | 0.1.1 | 1028.23 | NOTE | |||
r-devel-windows-x86_64 | 0.1.1 | 23.00 | 57.00 | 80.00 | OK | --no-vignettes |
r-patched-linux-x86_64 | 0.1.1 | 4.22 | 40.99 | 45.21 | OK | --no-vignettes |
r-release-linux-x86_64 | 0.1.1 | 3.39 | 41.59 | 44.98 | OK | --no-vignettes |
r-release-macos-arm64 | 0.1.1 | 265.00 | OK | |||
r-release-macos-x86_64 | 0.1.1 | 335.00 | OK | |||
r-release-windows-x86_64 | 0.1.1 | 29.00 | 59.00 | 88.00 | OK | --no-vignettes |
r-oldrel-macos-arm64 | 0.1.1 | 304.00 | OK | |||
r-oldrel-macos-x86_64 | 0.1.1 | 513.00 | OK | |||
r-oldrel-windows-ix86+x86_64 | 0.1.1 | 8.00 | 64.00 | 72.00 | OK | --no-vignettes |
Version: 0.1.1
Check: Rd cross-references
Result: NOTE
Undeclared package ‘list’ in Rd xrefs
Flavor: r-devel-linux-x86_64-fedora-clang
Version: 0.1.1
Check: Rd cross-references
Result: NOTE
Unknown package ‘list’ in Rd xrefs
Flavor: r-devel-linux-x86_64-fedora-gcc