CRAN Package Check Results for Package mistat

Last updated on 2022-01-25 18:51:47 CET.

Flavor Version Tinstall Tcheck Ttotal Status Flags
r-devel-linux-x86_64-debian-clang 2.0.3 3.93 76.60 80.53 OK
r-devel-linux-x86_64-debian-gcc 2.0.3 3.55 59.14 62.69 OK
r-devel-linux-x86_64-fedora-clang 2.0.3 98.91 NOTE
r-devel-linux-x86_64-fedora-gcc 2.0.3 88.79 NOTE
r-devel-windows-x86_64-new-UL 2.0.3 89.00 136.00 225.00 OK
r-devel-windows-x86_64-new-TK 2.0.3 NOTE
r-patched-linux-x86_64 2.0.3 4.23 74.01 78.24 OK
r-release-linux-x86_64 2.0.3 3.62 72.76 76.38 OK
r-release-macos-arm64 2.0.3 NOTE
r-release-macos-x86_64 2.0.3 NOTE
r-release-windows-ix86+x86_64 2.0.3 9.00 107.00 116.00 OK
r-oldrel-macos-x86_64 2.0.3 NOTE
r-oldrel-windows-ix86+x86_64 2.0.3 10.00 107.00 117.00 OK

Check Details

Version: 2.0.3
Check: dependencies in R code
Result: NOTE
    Namespace in Imports field not imported from: ‘grDevices’
     All declared Imports should be used.
Flavors: r-devel-linux-x86_64-fedora-clang, r-devel-linux-x86_64-fedora-gcc, r-devel-windows-x86_64-new-TK, r-release-macos-arm64, r-release-macos-x86_64, r-oldrel-macos-x86_64

Version: 2.0.3
Check: package dependencies
Result: NOTE
    Package suggested but not available for checking: 'car'
Flavor: r-devel-windows-x86_64-new-TK