CRAN Package Check Results for Package mlr

Last updated on 2022-01-27 16:50:05 CET.

Flavor Version Tinstall Tcheck Ttotal Status Flags
r-devel-linux-x86_64-debian-clang 2.19.0 39.90 279.19 319.09 NOTE
r-devel-linux-x86_64-debian-gcc 2.19.0 33.71 206.13 239.84 NOTE
r-devel-linux-x86_64-fedora-clang 2.19.0 397.57 NOTE
r-devel-linux-x86_64-fedora-gcc 2.19.0 384.16 NOTE
r-devel-windows-x86_64-new-UL 2.19.0 503.00 362.00 865.00 NOTE
r-devel-windows-x86_64-new-TK 2.19.0 NOTE
r-patched-linux-x86_64 2.19.0 55.73 267.47 323.20 NOTE
r-release-linux-x86_64 2.19.0 39.16 265.78 304.94 NOTE
r-release-macos-arm64 2.19.0 NOTE
r-release-macos-x86_64 2.19.0 NOTE
r-release-windows-ix86+x86_64 2.19.0 70.00 410.00 480.00 OK
r-oldrel-macos-x86_64 2.19.0 NOTE
r-oldrel-windows-ix86+x86_64 2.19.0 71.00 410.00 481.00 OK

Check Details

Version: 2.19.0
Check: package dependencies
Result: NOTE
    Package suggested but not available for checking: 'rrlda'
    
    Suggests orphaned package: 'RRF'
Flavors: r-devel-linux-x86_64-debian-clang, r-devel-linux-x86_64-debian-gcc, r-devel-linux-x86_64-fedora-clang, r-patched-linux-x86_64, r-release-linux-x86_64

Version: 2.19.0
Check: installed package size
Result: NOTE
     installed size is 5.0Mb
     sub-directories of 1Mb or more:
     R 1.5Mb
     data 2.3Mb
Flavors: r-devel-linux-x86_64-fedora-clang, r-release-macos-arm64

Version: 2.19.0
Check: package dependencies
Result: NOTE
    Package suggested but not available for checking: ‘rrlda’
Flavors: r-devel-linux-x86_64-fedora-gcc, r-devel-windows-x86_64-new-UL

Version: 2.19.0
Check: package dependencies
Result: NOTE
    Packages suggested but not available for checking:
     'ggpubr', 'refund', 'rrlda'
Flavor: r-devel-windows-x86_64-new-TK

Version: 2.19.0
Check: package dependencies
Result: NOTE
    Package suggested but not available for checking: ‘Rmpi’
Flavors: r-release-macos-arm64, r-release-macos-x86_64, r-oldrel-macos-x86_64