Last updated on 2023-05-30 16:00:38 CEST.
Flavor | Version | Tinstall | Tcheck | Ttotal | Status | Flags |
---|---|---|---|---|---|---|
r-devel-linux-x86_64-debian-clang | 0.2.0 | 2.49 | 22.44 | 24.93 | OK | |
r-devel-linux-x86_64-debian-gcc | 0.2.0 | 1.95 | 17.85 | 19.80 | OK | |
r-devel-linux-x86_64-fedora-clang | 0.2.0 | 32.13 | NOTE | |||
r-devel-linux-x86_64-fedora-gcc | 0.2.0 | 30.73 | NOTE | |||
r-devel-windows-x86_64 | 0.2.0 | 5.00 | 40.00 | 45.00 | OK | |
r-patched-linux-x86_64 | 0.2.0 | 2.62 | 22.03 | 24.65 | OK | |
r-release-linux-x86_64 | 0.2.0 | 1.59 | 21.65 | 23.24 | OK | |
r-release-macos-arm64 | 0.2.0 | 18.00 | OK | |||
r-release-macos-x86_64 | 0.2.0 | 20.00 | OK | |||
r-release-windows-x86_64 | 0.2.0 | 5.00 | 41.00 | 46.00 | OK | |
r-oldrel-macos-arm64 | 0.2.0 | 16.00 | NOTE | |||
r-oldrel-macos-x86_64 | 0.2.0 | 26.00 | NOTE | |||
r-oldrel-windows-x86_64 | 0.2.0 | 5.00 | 46.00 | 51.00 | OK |
Version: 0.2.0
Check: dependencies in R code
Result: NOTE
Namespaces in Imports field not imported from:
‘DT’ ‘data.table’ ‘e1071’ ‘mlr3’ ‘mlr3learners’ ‘mlr3measures’ ‘plyr’
‘purrr’ ‘ranger’ ‘readxl’ ‘shinyWidgets’ ‘shinyalert’
‘shinydashboard’ ‘shinyjs’ ‘shinythemes’ ‘stats’ ‘stringr’
All declared Imports should be used.
Flavors: r-devel-linux-x86_64-fedora-clang, r-devel-linux-x86_64-fedora-gcc, r-oldrel-macos-arm64, r-oldrel-macos-x86_64