Last updated on 2022-05-22 11:51:47 CEST.
Flavor | Version | Tinstall | Tcheck | Ttotal | Status | Flags |
---|---|---|---|---|---|---|
r-devel-linux-x86_64-debian-clang | 0.2.0 | 2.49 | 32.52 | 35.01 | OK | |
r-devel-linux-x86_64-debian-gcc | 0.2.0 | 1.66 | 25.51 | 27.17 | OK | |
r-devel-linux-x86_64-fedora-clang | 0.2.0 | 43.74 | NOTE | |||
r-devel-linux-x86_64-fedora-gcc | 0.2.0 | 42.14 | NOTE | |||
r-devel-windows-x86_64 | 0.2.0 | 34.00 | 51.00 | 85.00 | OK | |
r-patched-linux-x86_64 | 0.2.0 | 2.33 | 31.79 | 34.12 | OK | |
r-release-linux-x86_64 | 0.2.0 | 1.92 | 31.34 | 33.26 | OK | |
r-release-macos-arm64 | 0.2.0 | 16.00 | NOTE | |||
r-release-macos-x86_64 | 0.2.0 | 26.00 | NOTE | |||
r-release-windows-x86_64 | 0.2.0 | 53.00 | 50.00 | 103.00 | OK | |
r-oldrel-macos-arm64 | 0.2.0 | 18.00 | NOTE | |||
r-oldrel-macos-x86_64 | 0.2.0 | 23.00 | NOTE | |||
r-oldrel-windows-ix86+x86_64 | 0.2.0 | 8.00 | 45.00 | 53.00 | OK |
Version: 0.2.0
Check: dependencies in R code
Result: NOTE
Namespaces in Imports field not imported from:
‘DT’ ‘data.table’ ‘e1071’ ‘mlr3’ ‘mlr3learners’ ‘mlr3measures’ ‘plyr’
‘purrr’ ‘ranger’ ‘readxl’ ‘shinyWidgets’ ‘shinyalert’
‘shinydashboard’ ‘shinyjs’ ‘shinythemes’ ‘stats’ ‘stringr’
All declared Imports should be used.
Flavors: r-devel-linux-x86_64-fedora-clang, r-devel-linux-x86_64-fedora-gcc, r-release-macos-arm64, r-release-macos-x86_64, r-oldrel-macos-arm64, r-oldrel-macos-x86_64