CRAN Package Check Results for Package mmmgee

Last updated on 2022-05-26 11:52:14 CEST.

Flavor Version Tinstall Tcheck Ttotal Status Flags
r-devel-linux-x86_64-debian-clang 1.20 10.94 90.79 101.73 OK
r-devel-linux-x86_64-debian-gcc 1.20 7.89 78.68 86.57 OK
r-devel-linux-x86_64-fedora-clang 1.20 118.56 NOTE
r-devel-linux-x86_64-fedora-gcc 1.20 107.95 OK
r-devel-windows-x86_64 1.20 18.00 103.00 121.00 OK
r-patched-linux-x86_64 1.20 10.02 86.33 96.35 OK
r-release-linux-x86_64 1.20 OK
r-release-macos-arm64 1.20 34.00 OK
r-release-macos-x86_64 1.20 47.00 OK
r-release-windows-x86_64 1.20 17.00 100.00 117.00 OK
r-oldrel-macos-arm64 1.20 39.00 OK
r-oldrel-macos-x86_64 1.20 65.00 OK
r-oldrel-windows-ix86+x86_64 1.20 19.00 96.00 115.00 OK

Check Details

Version: 1.20
Check: Rd cross-references
Result: NOTE
    Undeclared package ‘geeM’ in Rd xrefs
Flavor: r-devel-linux-x86_64-fedora-clang