Last updated on 2023-01-28 16:51:23 CET.
Flavor | Version | Tinstall | Tcheck | Ttotal | Status | Flags |
---|---|---|---|---|---|---|
r-devel-linux-x86_64-debian-clang | 1.1.0 | 161.07 | 31.33 | 192.40 | OK | |
r-devel-linux-x86_64-debian-gcc | 1.1.0 | 141.31 | 24.16 | 165.47 | NOTE | |
r-devel-linux-x86_64-fedora-clang | 1.1.0 | 286.00 | NOTE | |||
r-devel-linux-x86_64-fedora-gcc | 1.1.0 | 286.02 | NOTE | |||
r-patched-linux-x86_64 | 1.1.0 | 144.24 | 29.06 | 173.30 | OK | |
r-release-linux-x86_64 | 1.1.0 | 136.92 | 29.25 | 166.17 | OK | |
r-release-macos-arm64 | 1.1.0 | 58.00 | NOTE | |||
r-release-macos-x86_64 | 1.1.0 | 84.00 | NOTE | |||
r-release-windows-x86_64 | 1.1.0 | 113.00 | 88.00 | 201.00 | OK | |
r-oldrel-macos-arm64 | 1.1.0 | 48.00 | NOTE | |||
r-oldrel-macos-x86_64 | 1.1.0 | 87.00 | NOTE | |||
r-oldrel-windows-ix86+x86_64 | 1.1.0 | 372.00 | 91.00 | 463.00 | OK |
Version: 1.1.0
Check: C++ specification
Result: NOTE
Specified C++11: please update to current default of C++17
Flavors: r-devel-linux-x86_64-debian-gcc, r-devel-linux-x86_64-fedora-clang, r-devel-linux-x86_64-fedora-gcc
Version: 1.1.0
Check: installed package size
Result: NOTE
installed size is 9.0Mb
sub-directories of 1Mb or more:
libs 8.8Mb
Flavors: r-release-macos-arm64, r-release-macos-x86_64, r-oldrel-macos-arm64, r-oldrel-macos-x86_64