CRAN Package Check Results for Package mnt

Last updated on 2022-05-19 12:55:33 CEST.

Flavor Version Tinstall Tcheck Ttotal Status Flags
r-devel-linux-x86_64-debian-clang 1.3 4.79 70.70 75.49 OK
r-devel-linux-x86_64-debian-gcc 1.3 3.97 50.12 54.09 OK
r-devel-linux-x86_64-fedora-clang 1.3 88.95 NOTE
r-devel-linux-x86_64-fedora-gcc 1.3 86.86 OK
r-devel-windows-x86_64 1.3 23.00 85.00 108.00 OK
r-patched-linux-x86_64 1.3 5.23 67.53 72.76 OK
r-release-linux-x86_64 1.3 4.19 66.67 70.86 OK
r-release-macos-arm64 1.3 21.00 OK
r-release-macos-x86_64 1.3 33.00 OK
r-release-windows-x86_64 1.3 24.00 84.00 108.00 OK
r-oldrel-macos-arm64 1.3 27.00 OK
r-oldrel-macos-x86_64 1.3 48.00 OK
r-oldrel-windows-ix86+x86_64 1.3 9.00 82.00 91.00 OK

Check Details

Version: 1.3
Check: Rd cross-references
Result: NOTE
    Undeclared package ‘energy’ in Rd xrefs
Flavor: r-devel-linux-x86_64-fedora-clang