CRAN Package Check Results for Package modelgrid

Last updated on 2022-05-22 07:53:17 CEST.

Flavor Version Tinstall Tcheck Ttotal Status Flags
r-devel-linux-x86_64-debian-clang 1.1.1.0 16.11 222.84 238.95 NOTE
r-devel-linux-x86_64-debian-gcc 1.1.1.0 13.67 168.95 182.62 NOTE
r-devel-linux-x86_64-fedora-clang 1.1.1.0 279.80 NOTE
r-devel-linux-x86_64-fedora-gcc 1.1.1.0 270.13 NOTE
r-devel-windows-x86_64 1.1.1.0 28.00 238.00 266.00 NOTE
r-patched-linux-x86_64 1.1.1.0 20.74 210.78 231.52 NOTE
r-release-linux-x86_64 1.1.1.0 14.97 207.78 222.75 NOTE
r-release-macos-arm64 1.1.1.0 88.00 NOTE
r-release-macos-x86_64 1.1.1.0 134.00 NOTE
r-release-windows-x86_64 1.1.1.0 28.00 244.00 272.00 NOTE
r-oldrel-macos-arm64 1.1.1.0 96.00 NOTE
r-oldrel-macos-x86_64 1.1.1.0 132.00 NOTE
r-oldrel-windows-ix86+x86_64 1.1.1.0 37.00 233.00 270.00 NOTE

Check Details

Version: 1.1.1.0
Check: LazyData
Result: NOTE
     'LazyData' is specified without a 'data' directory
Flavors: r-devel-linux-x86_64-debian-clang, r-devel-linux-x86_64-debian-gcc, r-devel-linux-x86_64-fedora-clang, r-devel-linux-x86_64-fedora-gcc, r-devel-windows-x86_64, r-patched-linux-x86_64, r-release-linux-x86_64, r-release-macos-arm64, r-release-macos-x86_64, r-release-windows-x86_64, r-oldrel-macos-arm64, r-oldrel-macos-x86_64, r-oldrel-windows-ix86+x86_64

Version: 1.1.1.0
Check: dependencies in R code
Result: NOTE
    Namespaces in Imports field not imported from:
     ‘ggplot2’ ‘lattice’
     All declared Imports should be used.
Flavors: r-devel-linux-x86_64-fedora-clang, r-devel-linux-x86_64-fedora-gcc, r-release-macos-arm64, r-release-macos-x86_64, r-oldrel-macos-arm64, r-oldrel-macos-x86_64