CRAN Package Check Results for Package modeltime.ensemble

Last updated on 2022-05-19 23:55:21 CEST.

Flavor Version Tinstall Tcheck Ttotal Status Flags
r-devel-linux-x86_64-debian-clang 1.0.0 32.00 590.98 622.98 OK
r-devel-linux-x86_64-debian-gcc 1.0.0 29.92 417.44 447.36 OK
r-devel-linux-x86_64-fedora-clang 1.0.0 688.96 NOTE
r-devel-linux-x86_64-fedora-gcc 1.0.0 667.15 NOTE
r-devel-windows-x86_64 1.0.0 120.00 554.00 674.00 OK
r-patched-linux-x86_64 1.0.0 37.18 529.31 566.49 OK
r-release-linux-x86_64 1.0.0 26.97 527.77 554.74 OK
r-release-macos-arm64 1.0.0 126.00 NOTE
r-release-macos-x86_64 1.0.0 282.00 NOTE
r-release-windows-x86_64 1.0.0 179.00 571.00 750.00 OK
r-oldrel-macos-arm64 1.0.0 137.00 NOTE
r-oldrel-macos-x86_64 1.0.0 185.00 NOTE
r-oldrel-windows-ix86+x86_64 1.0.0 78.00 605.00 683.00 OK

Check Details

Version: 1.0.0
Check: dependencies in R code
Result: NOTE
    Namespace in Imports field not imported from: ‘parsnip’
     All declared Imports should be used.
Flavors: r-devel-linux-x86_64-fedora-clang, r-devel-linux-x86_64-fedora-gcc, r-release-macos-arm64, r-release-macos-x86_64, r-oldrel-macos-arm64, r-oldrel-macos-x86_64