CRAN Package Check Results for Package modules

Last updated on 2022-05-22 21:53:54 CEST.

Flavor Version Tinstall Tcheck Ttotal Status Flags
r-devel-linux-x86_64-debian-clang 0.10.0 2.03 63.32 65.35 NOTE
r-devel-linux-x86_64-debian-gcc 0.10.0 2.18 50.15 52.33 NOTE
r-devel-linux-x86_64-fedora-clang 0.10.0 78.47 NOTE
r-devel-linux-x86_64-fedora-gcc 0.10.0 81.05 NOTE
r-devel-windows-x86_64 0.10.0 30.00 122.00 152.00 NOTE
r-patched-linux-x86_64 0.10.0 2.00 61.60 63.60 NOTE
r-release-linux-x86_64 0.10.0 2.41 62.62 65.03 NOTE
r-release-macos-arm64 0.10.0 35.00 NOTE
r-release-macos-x86_64 0.10.0 54.00 NOTE
r-release-windows-x86_64 0.10.0 30.00 114.00 144.00 NOTE
r-oldrel-macos-arm64 0.10.0 52.00 NOTE
r-oldrel-macos-x86_64 0.10.0 102.00 NOTE
r-oldrel-windows-ix86+x86_64 0.10.0 6.00 61.00 67.00 NOTE

Check Details

Version: 0.10.0
Check: LazyData
Result: NOTE
     'LazyData' is specified without a 'data' directory
Flavors: r-devel-linux-x86_64-debian-clang, r-devel-linux-x86_64-debian-gcc, r-devel-linux-x86_64-fedora-clang, r-devel-linux-x86_64-fedora-gcc, r-devel-windows-x86_64, r-patched-linux-x86_64, r-release-linux-x86_64, r-release-macos-arm64, r-release-macos-x86_64, r-release-windows-x86_64, r-oldrel-macos-arm64, r-oldrel-macos-x86_64, r-oldrel-windows-ix86+x86_64