CRAN Package Check Results for Package mojson

Last updated on 2022-05-27 03:54:50 CEST.

Flavor Version Tinstall Tcheck Ttotal Status Flags
r-devel-linux-x86_64-debian-clang 0.1 5.64 73.15 78.79 NOTE
r-devel-linux-x86_64-debian-gcc 0.1 4.94 54.43 59.37 NOTE
r-devel-linux-x86_64-fedora-clang 0.1 93.82 NOTE
r-devel-linux-x86_64-fedora-gcc 0.1 79.55 NOTE
r-devel-windows-x86_64 0.1 12.00 100.00 112.00 NOTE
r-patched-linux-x86_64 0.1 4.59 67.49 72.08 NOTE
r-release-linux-x86_64 0.1 5.67 67.77 73.44 NOTE
r-release-macos-arm64 0.1 28.00 NOTE
r-release-macos-x86_64 0.1 54.00 NOTE
r-release-windows-x86_64 0.1 88.00 94.00 182.00 NOTE
r-oldrel-macos-arm64 0.1 36.00 NOTE
r-oldrel-macos-x86_64 0.1 57.00 NOTE
r-oldrel-windows-ix86+x86_64 0.1 15.00 86.00 101.00 NOTE

Check Details

Version: 0.1
Check: LazyData
Result: NOTE
     'LazyData' is specified without a 'data' directory
Flavors: r-devel-linux-x86_64-debian-clang, r-devel-linux-x86_64-debian-gcc, r-devel-linux-x86_64-fedora-clang, r-devel-linux-x86_64-fedora-gcc, r-devel-windows-x86_64, r-patched-linux-x86_64, r-release-linux-x86_64, r-release-macos-arm64, r-release-macos-x86_64, r-release-windows-x86_64, r-oldrel-macos-arm64, r-oldrel-macos-x86_64, r-oldrel-windows-ix86+x86_64