CRAN Package Check Results for Package momr

Last updated on 2022-05-17 22:51:32 CEST.

Flavor Version Tinstall Tcheck Ttotal Status Flags
r-devel-linux-x86_64-debian-clang 1.1 4.62 54.40 59.02 OK
r-devel-linux-x86_64-debian-gcc 1.1 3.85 41.41 45.26 OK
r-devel-linux-x86_64-fedora-clang 1.1 70.55 NOTE
r-devel-linux-x86_64-fedora-gcc 1.1 67.87 OK
r-devel-windows-x86_64 1.1 25.00 71.00 96.00 NOTE
r-patched-linux-x86_64 1.1 5.61 51.91 57.52 OK
r-release-linux-x86_64 1.1 2.91 52.17 55.08 OK
r-release-macos-arm64 1.1 22.00 NOTE
r-release-macos-x86_64 1.1 39.00 NOTE
r-release-windows-x86_64 1.1 24.00 69.00 93.00 NOTE
r-oldrel-macos-arm64 1.1 26.00 NOTE
r-oldrel-macos-x86_64 1.1 43.00 NOTE
r-oldrel-windows-ix86+x86_64 1.1 9.00 64.00 73.00 NOTE

Check Details

Version: 1.1
Check: installed package size
Result: NOTE
     installed size is 7.3Mb
     sub-directories of 1Mb or more:
     data 2.1Mb
Flavors: r-devel-linux-x86_64-fedora-clang, r-devel-windows-x86_64, r-release-macos-arm64, r-release-macos-x86_64, r-release-windows-x86_64, r-oldrel-macos-arm64, r-oldrel-macos-x86_64, r-oldrel-windows-ix86+x86_64