CRAN Package Check Results for Package moonBook

Last updated on 2022-01-22 17:49:25 CET.

Flavor Version Tinstall Tcheck Ttotal Status Flags
r-devel-linux-x86_64-debian-clang 0.3.1 4.85 77.59 82.44 OK
r-devel-linux-x86_64-debian-gcc 0.3.1 4.38 58.58 62.96 OK
r-devel-linux-x86_64-fedora-clang 0.3.1 100.33 OK
r-devel-linux-x86_64-fedora-gcc 0.3.1 90.55 OK
r-devel-windows-x86_64-new-UL 0.3.1 111.00 110.00 221.00 OK
r-devel-windows-x86_64-new-TK 0.3.1 OK
r-patched-linux-x86_64 0.3.1 5.14 75.75 80.89 OK
r-release-linux-x86_64 0.3.1 4.39 75.10 79.49 OK
r-release-macos-arm64 0.3.1 OK
r-release-macos-x86_64 0.3.1 OK
r-release-windows-ix86+x86_64 0.3.1 12.00 100.00 112.00 OK
r-oldrel-macos-x86_64 0.2.4 NOTE
r-oldrel-windows-ix86+x86_64 0.3.1 11.00 95.00 106.00 OK

Check Details

Version: 0.2.4
Check: dependencies in R code
Result: NOTE
    Namespace in Imports field not imported from: ‘ztable’
     All declared Imports should be used.
Flavor: r-oldrel-macos-x86_64