CRAN Package Check Results for Package mortyr

Last updated on 2022-05-18 00:53:18 CEST.

Flavor Version Tinstall Tcheck Ttotal Status Flags
r-devel-linux-x86_64-debian-clang 0.0.2 1.98 35.58 37.56 NOTE
r-devel-linux-x86_64-debian-gcc 0.0.2 1.69 27.08 28.77 NOTE
r-devel-linux-x86_64-fedora-clang 0.0.2 45.28 NOTE
r-devel-linux-x86_64-fedora-gcc 0.0.2 43.45 NOTE
r-devel-windows-x86_64 0.0.2 11.00 57.00 68.00 NOTE
r-patched-linux-x86_64 0.0.2 1.92 34.18 36.10 NOTE
r-release-linux-x86_64 0.0.2 2.12 33.78 35.90 NOTE
r-release-macos-arm64 0.0.2 34.00 NOTE
r-release-macos-x86_64 0.0.2 44.00 NOTE
r-release-windows-x86_64 0.0.2 12.00 59.00 71.00 NOTE
r-oldrel-macos-arm64 0.0.2 41.00 NOTE
r-oldrel-macos-x86_64 0.0.2 46.00 NOTE
r-oldrel-windows-ix86+x86_64 0.0.2 5.00 51.00 56.00 NOTE

Check Details

Version: 0.0.2
Check: LazyData
Result: NOTE
     'LazyData' is specified without a 'data' directory
Flavors: r-devel-linux-x86_64-debian-clang, r-devel-linux-x86_64-debian-gcc, r-devel-linux-x86_64-fedora-clang, r-devel-linux-x86_64-fedora-gcc, r-devel-windows-x86_64, r-patched-linux-x86_64, r-release-linux-x86_64, r-release-macos-arm64, r-release-macos-x86_64, r-release-windows-x86_64, r-oldrel-macos-arm64, r-oldrel-macos-x86_64, r-oldrel-windows-ix86+x86_64