Last updated on 2022-05-26 11:52:14 CEST.
Flavor | Version | Tinstall | Tcheck | Ttotal | Status | Flags |
---|---|---|---|---|---|---|
r-devel-linux-x86_64-debian-clang | 0.4.1 | 57.47 | 37.32 | 94.79 | OK | |
r-devel-linux-x86_64-debian-gcc | 0.4.1 | 49.68 | 32.92 | 82.60 | OK | |
r-devel-linux-x86_64-fedora-clang | 0.4.1 | 145.25 | NOTE | |||
r-devel-linux-x86_64-fedora-gcc | 0.4.1 | 116.48 | NOTE | |||
r-devel-windows-x86_64 | 0.4.1 | 60.00 | 73.00 | 133.00 | OK | |
r-patched-linux-x86_64 | 0.4.1 | 54.98 | 37.14 | 92.12 | OK | |
r-release-linux-x86_64 | 0.4.1 | OK | ||||
r-release-macos-arm64 | 0.4.1 | 35.00 | OK | |||
r-release-macos-x86_64 | 0.4.1 | 45.00 | OK | |||
r-release-windows-x86_64 | 0.4.1 | 61.00 | 75.00 | 136.00 | OK | |
r-oldrel-macos-arm64 | 0.4.1 | 37.00 | OK | |||
r-oldrel-macos-x86_64 | 0.4.1 | 66.00 | OK | |||
r-oldrel-windows-ix86+x86_64 | 0.4.1 | 151.00 | 77.00 | 228.00 | OK |
Version: 0.4.1
Check: Rd cross-references
Result: NOTE
Undeclared package ‘proxy’ in Rd xrefs
Flavor: r-devel-linux-x86_64-fedora-clang
Version: 0.4.1
Check: compiled code
Result: NOTE
File ‘mp/libs/mp.so’:
Found no calls to: ‘R_registerRoutines’, ‘R_useDynamicSymbols’
It is good practice to register native routines and to disable symbol
search.
See ‘Writing portable packages’ in the ‘Writing R Extensions’ manual.
Flavors: r-devel-linux-x86_64-fedora-clang, r-devel-linux-x86_64-fedora-gcc