Last updated on 2022-05-28 09:55:21 CEST.
Flavor | Version | Tinstall | Tcheck | Ttotal | Status | Flags |
---|---|---|---|---|---|---|
r-devel-linux-x86_64-debian-clang | 1.0.4 | 134.97 | 163.25 | 298.22 | OK | |
r-devel-linux-x86_64-debian-gcc | 1.0.4 | 113.68 | 120.05 | 233.73 | OK | |
r-devel-linux-x86_64-fedora-clang | 1.0.4 | 402.33 | NOTE | |||
r-devel-linux-x86_64-fedora-gcc | 1.0.4 | 360.23 | OK | |||
r-devel-windows-x86_64 | 1.0.4 | 289.00 | 207.00 | 496.00 | OK | |
r-patched-linux-x86_64 | 1.0.4 | 122.57 | 151.69 | 274.26 | OK | |
r-release-linux-x86_64 | 1.0.4 | 123.17 | 152.63 | 275.80 | OK | |
r-release-macos-arm64 | 1.0.4 | 105.00 | NOTE | |||
r-release-macos-x86_64 | 1.0.4 | 123.00 | NOTE | |||
r-release-windows-x86_64 | 1.0.4 | 292.00 | 213.00 | 505.00 | OK | |
r-oldrel-macos-arm64 | 1.0.4 | 102.00 | NOTE | |||
r-oldrel-macos-x86_64 | 1.0.4 | 127.00 | NOTE | |||
r-oldrel-windows-ix86+x86_64 | 1.0.4 | 397.00 | 275.00 | 672.00 | OK |
Version: 1.0.4
Check: installed package size
Result: NOTE
installed size is 5.3Mb
sub-directories of 1Mb or more:
libs 3.5Mb
Flavors: r-devel-linux-x86_64-fedora-clang, r-release-macos-arm64, r-release-macos-x86_64, r-oldrel-macos-arm64, r-oldrel-macos-x86_64