Last updated on 2022-05-26 05:57:54 CEST.
Flavor | Version | Tinstall | Tcheck | Ttotal | Status | Flags |
---|---|---|---|---|---|---|
r-devel-linux-x86_64-debian-clang | 11.3.5.101 | 12.53 | 66.33 | 78.86 | OK | |
r-devel-linux-x86_64-debian-gcc | 11.3.5.101 | 12.17 | 55.56 | 67.73 | OK | |
r-devel-linux-x86_64-fedora-clang | 11.3.5.101 | 98.45 | NOTE | |||
r-devel-linux-x86_64-fedora-gcc | 11.3.5.101 | 95.18 | NOTE | |||
r-devel-windows-x86_64 | 11.3.5.101 | 47.00 | 88.00 | 135.00 | OK | |
r-patched-linux-x86_64 | 11.3.5.101 | 15.51 | 61.69 | 77.20 | OK | |
r-release-linux-x86_64 | 11.3.5.101 | OK | ||||
r-release-macos-arm64 | 11.3.5.101 | 28.00 | NOTE | |||
r-release-macos-x86_64 | 11.3.5.101 | 42.00 | NOTE | |||
r-release-windows-x86_64 | 11.3.5.101 | 41.00 | 83.00 | 124.00 | OK | |
r-oldrel-macos-arm64 | 11.3.5.101 | 27.00 | NOTE | |||
r-oldrel-macos-x86_64 | 11.3.5.101 | 40.00 | NOTE | |||
r-oldrel-windows-ix86+x86_64 | 11.3.5.101 | 26.00 | 82.00 | 108.00 | OK |
Version: 11.3.5.101
Check: dependencies in R code
Result: NOTE
Namespaces in Imports field not imported from:
‘markdown’ ‘methods’ ‘vctrs’
All declared Imports should be used.
Flavors: r-devel-linux-x86_64-fedora-clang, r-devel-linux-x86_64-fedora-gcc, r-release-macos-arm64, r-release-macos-x86_64, r-oldrel-macos-arm64, r-oldrel-macos-x86_64