CRAN Package Check Results for Package multiRDPG

Last updated on 2024-04-16 12:51:37 CEST.

Flavor Version Tinstall Tcheck Ttotal Status Flags
r-devel-linux-x86_64-debian-clang 1.0.1 1.82 25.99 27.81 NOTE
r-devel-linux-x86_64-debian-gcc 1.0.1 1.40 19.61 21.01 NOTE
r-devel-linux-x86_64-fedora-clang 1.0.1 35.06 NOTE
r-devel-linux-x86_64-fedora-gcc 1.0.1 33.70 NOTE
r-prerel-macos-arm64 1.0.1 15.00 NOTE
r-prerel-windows-x86_64 1.0.1 3.00 38.00 41.00 NOTE
r-patched-linux-x86_64 1.0.1 2.13 24.98 27.11 NOTE
r-release-linux-x86_64 1.0.1 2.21 24.84 27.05 NOTE
r-release-macos-arm64 1.0.1 16.00 NOTE
r-release-macos-x86_64 1.0.1 20.00 NOTE
r-release-windows-x86_64 1.0.1 4.00 39.00 43.00 NOTE
r-oldrel-macos-arm64 1.0.1 18.00 NOTE
r-oldrel-windows-x86_64 1.0.1 6.00 46.00 52.00 NOTE

Check Details

Version: 1.0.1
Check: Rd files
Result: NOTE checkRd: (-1) nullestimation.Rd:17: Lost braces; missing escapes or markup? 17 | \code{U} \tab The common latent space vectors. U in R^{n x d}\cr | ^ Flavors: r-devel-linux-x86_64-debian-clang, r-devel-linux-x86_64-debian-gcc, r-devel-linux-x86_64-fedora-clang, r-devel-linux-x86_64-fedora-gcc, r-prerel-macos-arm64, r-prerel-windows-x86_64, r-patched-linux-x86_64

Version: 1.0.1
Check: LazyData
Result: NOTE 'LazyData' is specified without a 'data' directory Flavors: r-devel-linux-x86_64-debian-clang, r-devel-linux-x86_64-debian-gcc, r-devel-linux-x86_64-fedora-clang, r-devel-linux-x86_64-fedora-gcc, r-prerel-macos-arm64, r-prerel-windows-x86_64, r-patched-linux-x86_64, r-release-linux-x86_64, r-release-macos-arm64, r-release-macos-x86_64, r-release-windows-x86_64, r-oldrel-macos-arm64, r-oldrel-windows-x86_64