CRAN Package Check Results for Package multifear

Last updated on 2022-01-19 01:47:40 CET.

Flavor Version Tinstall Tcheck Ttotal Status Flags
r-devel-linux-x86_64-debian-clang 0.1.2 7.09 170.04 177.13 OK
r-devel-linux-x86_64-debian-gcc 0.1.2 5.58 123.96 129.54 OK
r-devel-linux-x86_64-fedora-clang 0.1.2 206.47 NOTE
r-devel-linux-x86_64-fedora-gcc 0.1.2 194.13 NOTE
r-devel-windows-x86_64-new-UL 0.1.2 52.00 186.00 238.00 OK
r-devel-windows-x86_64-new-TK 0.1.2 ERROR
r-patched-linux-x86_64 0.1.2 6.94 160.60 167.54 OK
r-release-linux-x86_64 0.1.2 OK
r-release-macos-arm64 0.1.2 NOTE
r-release-macos-x86_64 0.1.2 NOTE
r-release-windows-ix86+x86_64 0.1.2 17.00 198.00 215.00 OK
r-oldrel-macos-x86_64 0.1.2 NOTE
r-oldrel-windows-ix86+x86_64 0.1.2 16.00 200.00 216.00 OK

Check Details

Version: 0.1.2
Check: dependencies in R code
Result: NOTE
    Namespace in Imports field not imported from: ‘ez’
     All declared Imports should be used.
Flavors: r-devel-linux-x86_64-fedora-clang, r-devel-linux-x86_64-fedora-gcc, r-release-macos-arm64, r-release-macos-x86_64, r-oldrel-macos-x86_64

Version: 0.1.2
Check: package dependencies
Result: ERROR
    Package required but not available: 'ez'
    
    See section 'The DESCRIPTION file' in the 'Writing R Extensions'
    manual.
Flavor: r-devel-windows-x86_64-new-TK