CRAN Package Check Results for Package multilevelTools

Last updated on 2022-05-18 05:53:28 CEST.

Flavor Version Tinstall Tcheck Ttotal Status Flags
r-devel-linux-x86_64-debian-clang 0.1.1 21.89 272.67 294.56 NOTE
r-devel-linux-x86_64-debian-gcc 0.1.1 18.32 194.60 212.92 NOTE
r-devel-linux-x86_64-fedora-clang 0.1.1 343.34 NOTE
r-devel-linux-x86_64-fedora-gcc 0.1.1 344.09 NOTE
r-devel-windows-x86_64 0.1.1 51.00 280.00 331.00 NOTE
r-patched-linux-x86_64 0.1.1 25.98 249.57 275.55 NOTE
r-release-linux-x86_64 0.1.1 18.34 245.09 263.43 NOTE
r-release-macos-arm64 0.1.1 106.00 NOTE
r-release-macos-x86_64 0.1.1 155.00 NOTE
r-release-windows-x86_64 0.1.1 50.00 276.00 326.00 NOTE
r-oldrel-macos-arm64 0.1.1 129.00 NOTE
r-oldrel-macos-x86_64 0.1.1 162.00 NOTE
r-oldrel-windows-ix86+x86_64 0.1.1 50.00 270.00 320.00 NOTE

Check Details

Version: 0.1.1
Check: LazyData
Result: NOTE
     'LazyData' is specified without a 'data' directory
Flavors: r-devel-linux-x86_64-debian-clang, r-devel-linux-x86_64-debian-gcc, r-devel-linux-x86_64-fedora-clang, r-devel-linux-x86_64-fedora-gcc, r-devel-windows-x86_64, r-patched-linux-x86_64, r-release-linux-x86_64, r-release-macos-arm64, r-release-macos-x86_64, r-release-windows-x86_64, r-oldrel-macos-arm64, r-oldrel-macos-x86_64, r-oldrel-windows-ix86+x86_64