CRAN Package Check Results for Package multimorbidity

Last updated on 2022-05-25 19:53:01 CEST.

Flavor Version Tinstall Tcheck Ttotal Status Flags
r-devel-linux-x86_64-debian-clang 0.5.0 9.62 69.93 79.55 OK
r-devel-linux-x86_64-debian-gcc 0.5.0 6.81 52.78 59.59 OK
r-devel-linux-x86_64-fedora-clang 0.5.0 97.36 NOTE
r-devel-linux-x86_64-fedora-gcc 0.5.0 82.52 NOTE
r-devel-windows-x86_64 0.5.0 32.00 84.00 116.00 OK
r-patched-linux-x86_64 0.5.0 9.79 67.08 76.87 OK
r-release-linux-x86_64 0.5.0 OK
r-release-macos-arm64 0.5.0 28.00 NOTE
r-release-macos-x86_64 0.5.0 48.00 NOTE
r-release-windows-x86_64 0.5.0 37.00 83.00 120.00 OK
r-oldrel-macos-arm64 0.5.0 28.00 NOTE
r-oldrel-macos-x86_64 0.5.0 38.00 NOTE
r-oldrel-windows-ix86+x86_64 0.5.0 19.00 78.00 97.00 OK

Check Details

Version: 0.5.0
Check: dependencies in R code
Result: NOTE
    Namespaces in Imports field not imported from:
     ‘devtools’ ‘stats’ ‘tidyverse’
     All declared Imports should be used.
Flavors: r-devel-linux-x86_64-fedora-clang, r-devel-linux-x86_64-fedora-gcc, r-release-macos-arm64, r-release-macos-x86_64, r-oldrel-macos-arm64, r-oldrel-macos-x86_64

Version: 0.5.0
Check: data for non-ASCII characters
Result: NOTE
     Note: found 15 marked UTF-8 strings
Flavors: r-devel-linux-x86_64-fedora-clang, r-devel-linux-x86_64-fedora-gcc, r-release-macos-arm64, r-release-macos-x86_64, r-oldrel-macos-arm64, r-oldrel-macos-x86_64