CRAN Package Check Results for Package multipanelfigure

Last updated on 2022-05-19 02:49:17 CEST.

Flavor Version Tinstall Tcheck Ttotal Status Flags
r-devel-linux-x86_64-debian-clang 2.1.2 7.67 102.92 110.59 OK
r-devel-linux-x86_64-debian-gcc 2.1.2 6.11 74.58 80.69 OK
r-devel-linux-x86_64-fedora-clang 2.1.2 134.89 OK
r-devel-linux-x86_64-fedora-gcc 2.1.2 123.37 OK
r-devel-windows-x86_64 2.1.2 60.00 130.00 190.00 OK
r-patched-linux-x86_64 2.1.2 5.63 92.55 98.18 OK
r-release-linux-x86_64 2.1.2 6.13 93.57 99.70 OK
r-release-macos-arm64 2.1.2 42.00 NOTE
r-release-macos-x86_64 2.1.2 70.00 OK
r-release-windows-x86_64 2.1.2 76.00 124.00 200.00 OK
r-oldrel-macos-arm64 2.1.2 49.00 NOTE
r-oldrel-macos-x86_64 2.1.2 75.00 OK
r-oldrel-windows-ix86+x86_64 2.1.2 21.00 119.00 140.00 OK

Check Details

Version: 2.1.2
Check: package dependencies
Result: NOTE
    Package suggested but not available for checking: ‘ComplexHeatmap’
Flavors: r-release-macos-arm64, r-oldrel-macos-arm64

Version: 2.1.2
Check: Rd cross-references
Result: NOTE
    Package unavailable to check Rd xrefs: ‘ComplexHeatmap’
Flavors: r-release-macos-arm64, r-oldrel-macos-arm64