Last updated on 2022-06-27 09:50:19 CEST.
Flavor | Version | Tinstall | Tcheck | Ttotal | Status | Flags |
---|---|---|---|---|---|---|
r-devel-linux-x86_64-debian-clang | 0.1.5 | 5.24 | 37.38 | 42.62 | OK | |
r-devel-linux-x86_64-debian-gcc | 0.1.5 | 4.87 | 28.00 | 32.87 | OK | |
r-devel-linux-x86_64-fedora-clang | 0.1.5 | 63.18 | NOTE | |||
r-devel-linux-x86_64-fedora-gcc | 0.1.5 | 61.60 | OK | |||
r-devel-windows-x86_64 | 0.1.5 | 16.00 | 71.00 | 87.00 | OK | |
r-patched-linux-x86_64 | 0.1.5 | 5.48 | 35.32 | 40.80 | OK | |
r-release-linux-x86_64 | 0.1.5 | 5.93 | 35.86 | 41.79 | OK | |
r-release-macos-arm64 | 0.1.5 | 19.00 | OK | |||
r-release-macos-x86_64 | 0.1.5 | 28.00 | OK | |||
r-release-windows-x86_64 | 0.1.5 | 19.00 | 71.00 | 90.00 | OK | |
r-oldrel-macos-arm64 | 0.1.5 | 25.00 | OK | |||
r-oldrel-macos-x86_64 | 0.1.5 | 38.00 | OK | |||
r-oldrel-windows-ix86+x86_64 | 0.1.5 | 13.00 | 83.00 | 96.00 | OK |
Version: 0.1.5
Check: Rd cross-references
Result: NOTE
Undeclared package ‘mev’ in Rd xrefs
Flavor: r-devel-linux-x86_64-fedora-clang