CRAN Package Check Results for Package mvdalab

Last updated on 2022-01-24 20:49:40 CET.

Flavor Version Tinstall Tcheck Ttotal Status Flags
r-devel-linux-x86_64-debian-clang 1.6 16.90 165.72 182.62 OK
r-devel-linux-x86_64-debian-gcc 1.6 14.84 122.81 137.65 OK
r-devel-linux-x86_64-fedora-clang 1.6 223.55 OK
r-devel-linux-x86_64-fedora-gcc 1.6 217.84 OK
r-devel-windows-x86_64-new-UL 1.6 88.00 197.00 285.00 OK
r-devel-windows-x86_64-new-TK 1.6 ERROR
r-patched-linux-x86_64 1.6 17.70 158.41 176.11 OK
r-release-linux-x86_64 1.6 12.95 154.48 167.43 OK
r-release-macos-arm64 1.6 OK
r-release-macos-x86_64 1.6 OK
r-release-windows-ix86+x86_64 1.6 37.00 194.00 231.00 OK
r-oldrel-macos-x86_64 1.6 OK
r-oldrel-windows-ix86+x86_64 1.6 32.00 208.00 240.00 OK

Check Details

Version: 1.6
Check: package dependencies
Result: ERROR
    Package required but not available: 'car'
    
    See section 'The DESCRIPTION file' in the 'Writing R Extensions'
    manual.
Flavor: r-devel-windows-x86_64-new-TK