CRAN Package Check Results for Package mvmeta

Last updated on 2021-12-03 19:50:18 CET.

Flavor Version Tinstall Tcheck Ttotal Status Flags
r-devel-linux-x86_64-debian-clang 1.0.3 4.52 54.33 58.85 OK
r-devel-linux-x86_64-debian-gcc 1.0.3 3.87 42.96 46.83 OK
r-devel-linux-x86_64-fedora-clang 1.0.3 80.10 NOTE
r-devel-linux-x86_64-fedora-gcc 1.0.3 73.61 OK
r-devel-windows-x86_64-new-UL 1.0.3 13.00 95.00 108.00 OK
r-devel-windows-x86_64-new-TK 1.0.3 OK
r-devel-windows-x86_64-old 1.0.3 8.00 54.00 62.00 OK
r-patched-linux-x86_64 1.0.3 5.43 50.45 55.88 OK
r-release-linux-x86_64 1.0.3 4.29 50.77 55.06 OK
r-release-macos-arm64 1.0.3 OK
r-release-macos-x86_64 1.0.3 OK
r-release-windows-ix86+x86_64 1.0.3 8.00 77.00 85.00 OK
r-oldrel-macos-x86_64 1.0.3 OK
r-oldrel-windows-ix86+x86_64 1.0.3 9.00 74.00 83.00 OK

Check Details

Version: 1.0.3
Check: Rd cross-references
Result: NOTE
    Undeclared package ‘dosresmeta’ in Rd xrefs
Flavor: r-devel-linux-x86_64-fedora-clang