Last updated on 2022-05-28 01:51:41 CEST.
Flavor | Version | Tinstall | Tcheck | Ttotal | Status | Flags |
---|---|---|---|---|---|---|
r-devel-linux-x86_64-debian-clang | 0.9.3 | 32.80 | 211.30 | 244.10 | OK | |
r-devel-linux-x86_64-debian-gcc | 0.9.3 | 26.94 | 166.72 | 193.66 | OK | |
r-devel-linux-x86_64-fedora-clang | 0.9.3 | 351.50 | OK | |||
r-devel-linux-x86_64-fedora-gcc | 0.9.3 | 281.39 | OK | |||
r-devel-windows-x86_64 | 0.9.3 | 59.00 | 294.00 | 353.00 | OK | |
r-patched-linux-x86_64 | 0.9.3 | 29.10 | 208.54 | 237.64 | OK | |
r-release-linux-x86_64 | 0.9.3 | 25.44 | 207.47 | 232.91 | OK | |
r-release-macos-arm64 | 0.9.3 | 101.00 | OK | |||
r-release-macos-x86_64 | 0.9.3 | 166.00 | OK | |||
r-release-windows-x86_64 | 0.9.3 | 87.00 | 298.00 | 385.00 | OK | |
r-oldrel-macos-arm64 | 0.9.3 | 135.00 | OK | |||
r-oldrel-macos-x86_64 | 0.9.3 | 180.00 | OK | |||
r-oldrel-windows-ix86+x86_64 | 0.9.3 | 79.00 | 457.00 | 536.00 | NOTE |
Version: 0.9.3
Check: installed package size
Result: NOTE
installed size is 5.6Mb
sub-directories of 1Mb or more:
data 2.0Mb
doc 1.1Mb
libs 2.1Mb
Flavor: r-oldrel-windows-ix86+x86_64