CRAN Package Check Results for Package nCopula

Last updated on 2022-05-23 06:49:53 CEST.

Flavor Version Tinstall Tcheck Ttotal Status Flags
r-devel-linux-x86_64-debian-clang 0.1.1 11.48 93.98 105.46 OK
r-devel-linux-x86_64-debian-gcc 0.1.1 10.12 73.41 83.53 OK
r-devel-linux-x86_64-fedora-clang 0.1.1 126.51 NOTE
r-devel-linux-x86_64-fedora-gcc 0.1.1 116.26 NOTE
r-devel-windows-x86_64 0.1.1 32.00 109.00 141.00 OK
r-patched-linux-x86_64 0.1.1 8.90 91.38 100.28 OK
r-release-linux-x86_64 0.1.1 OK
r-release-macos-arm64 0.1.1 36.00 NOTE
r-release-macos-x86_64 0.1.1 50.00 NOTE
r-release-windows-x86_64 0.1.1 30.00 114.00 144.00 OK
r-oldrel-macos-arm64 0.1.1 43.00 NOTE
r-oldrel-macos-x86_64 0.1.1 74.00 NOTE
r-oldrel-windows-ix86+x86_64 0.1.1 26.00 102.00 128.00 OK

Check Details

Version: 0.1.1
Check: dependencies in R code
Result: NOTE
    Namespaces in Imports field not imported from:
     ‘Deriv’ ‘compiler’ ‘stringi’
     All declared Imports should be used.
Flavors: r-devel-linux-x86_64-fedora-clang, r-devel-linux-x86_64-fedora-gcc, r-release-macos-arm64, r-release-macos-x86_64, r-oldrel-macos-arm64, r-oldrel-macos-x86_64