Last updated on 2022-05-29 05:51:10 CEST.
Flavor | Version | Tinstall | Tcheck | Ttotal | Status | Flags |
---|---|---|---|---|---|---|
r-devel-linux-x86_64-debian-clang | 0.4.5 | 6.21 | 111.51 | 117.72 | OK | |
r-devel-linux-x86_64-debian-gcc | 0.4.5 | 4.98 | 83.45 | 88.43 | OK | |
r-devel-linux-x86_64-fedora-clang | 0.4.5 | 134.77 | NOTE | |||
r-devel-linux-x86_64-fedora-gcc | 0.4.5 | 122.43 | OK | |||
r-devel-windows-x86_64 | 0.4.5 | 22.00 | 145.00 | 167.00 | NOTE | |
r-patched-linux-x86_64 | 0.4.5 | 5.74 | 105.55 | 111.29 | OK | |
r-release-linux-x86_64 | 0.4.5 | 6.31 | 105.70 | 112.01 | OK | |
r-release-macos-arm64 | 0.4.5 | 63.00 | NOTE | |||
r-release-macos-x86_64 | 0.4.5 | 113.00 | NOTE | |||
r-release-windows-x86_64 | 0.4.5 | 32.00 | 144.00 | 176.00 | NOTE | |
r-oldrel-macos-arm64 | 0.4.5 | 85.00 | NOTE | |||
r-oldrel-macos-x86_64 | 0.4.5 | 69.00 | NOTE | |||
r-oldrel-windows-ix86+x86_64 | 0.4.5 | 17.00 | 143.00 | 160.00 | NOTE |
Version: 0.4.5
Check: installed package size
Result: NOTE
installed size is 6.4Mb
sub-directories of 1Mb or more:
doc 5.4Mb
Flavors: r-devel-linux-x86_64-fedora-clang, r-devel-windows-x86_64, r-release-macos-arm64, r-release-macos-x86_64, r-release-windows-x86_64, r-oldrel-macos-arm64, r-oldrel-macos-x86_64, r-oldrel-windows-ix86+x86_64