Last updated on 2022-05-27 20:52:58 CEST.
Flavor | Version | Tinstall | Tcheck | Ttotal | Status | Flags |
---|---|---|---|---|---|---|
r-devel-linux-x86_64-debian-clang | 2.17.1 | 27.41 | 95.61 | 123.02 | NOTE | |
r-devel-linux-x86_64-debian-gcc | 2.17.1 | 19.84 | 73.26 | 93.10 | NOTE | |
r-devel-linux-x86_64-fedora-clang | 2.17.1 | 162.14 | NOTE | |||
r-devel-linux-x86_64-fedora-gcc | 2.17.1 | 135.11 | NOTE | |||
r-devel-windows-x86_64 | 2.17.1 | 55.00 | 138.00 | 193.00 | NOTE | |
r-patched-linux-x86_64 | 2.17.1 | 24.29 | 91.55 | 115.84 | NOTE | |
r-release-linux-x86_64 | 2.17.1 | 22.12 | 91.77 | 113.89 | NOTE | |
r-release-macos-arm64 | 2.17.1 | 44.00 | NOTE | |||
r-release-macos-x86_64 | 2.17.1 | 60.00 | NOTE | |||
r-release-windows-x86_64 | 2.17.1 | 61.00 | 133.00 | 194.00 | NOTE | |
r-oldrel-macos-arm64 | 2.17.1 | 51.00 | NOTE | |||
r-oldrel-macos-x86_64 | 2.17.1 | 87.00 | NOTE | |||
r-oldrel-windows-ix86+x86_64 | 2.17.1 | 68.00 | 156.00 | 224.00 | NOTE |
Version: 2.17.1
Check: package dependencies
Result: NOTE
Package which this enhances but not available for checking: 'asreml'
Flavors: r-devel-linux-x86_64-debian-clang, r-devel-linux-x86_64-debian-gcc, r-devel-linux-x86_64-fedora-clang, r-devel-linux-x86_64-fedora-gcc, r-devel-windows-x86_64, r-patched-linux-x86_64, r-release-linux-x86_64, r-release-macos-arm64, r-release-macos-x86_64, r-release-windows-x86_64, r-oldrel-macos-arm64, r-oldrel-macos-x86_64, r-oldrel-windows-ix86+x86_64