CRAN Package Check Results for Package natstrat

Last updated on 2022-05-22 11:51:47 CEST.

Flavor Version Tinstall Tcheck Ttotal Status Flags
r-devel-linux-x86_64-debian-clang 2.0.0 17.33 256.52 273.85 NOTE
r-devel-linux-x86_64-debian-gcc 2.0.0 14.41 185.69 200.10 NOTE
r-devel-linux-x86_64-fedora-clang 2.0.0 328.51 NOTE
r-devel-linux-x86_64-fedora-gcc 2.0.0 308.15 NOTE
r-devel-windows-x86_64 2.0.0 40.00 254.00 294.00 NOTE
r-patched-linux-x86_64 2.0.0 16.77 241.84 258.61 NOTE
r-release-linux-x86_64 2.0.0 14.87 244.23 259.10 NOTE
r-release-macos-arm64 2.0.0 69.00 NOTE
r-release-macos-x86_64 2.0.0 145.00 NOTE
r-release-windows-x86_64 2.0.0 34.00 249.00 283.00 NOTE
r-oldrel-macos-arm64 2.0.0 79.00 NOTE
r-oldrel-macos-x86_64 2.0.0 101.00 NOTE
r-oldrel-windows-ix86+x86_64 2.0.0 42.00 256.00 298.00 NOTE

Check Details

Version: 2.0.0
Check: package dependencies
Result: NOTE
    Package suggested but not available for checking: 'gurobi'
Flavors: r-devel-linux-x86_64-debian-clang, r-devel-linux-x86_64-debian-gcc, r-devel-linux-x86_64-fedora-clang, r-devel-linux-x86_64-fedora-gcc, r-devel-windows-x86_64, r-patched-linux-x86_64, r-release-linux-x86_64, r-release-macos-arm64, r-release-macos-x86_64, r-release-windows-x86_64, r-oldrel-macos-arm64, r-oldrel-macos-x86_64, r-oldrel-windows-ix86+x86_64